re the prime factors of 15365638?
2, 7682819
List the prime factors of 497341.
13, 67, 571
List the prime factors of 159517.
269, 593
What are the prime factors of 151881?
3, 50627
List the prime factors of 17409684.
2, 3, 37, 113, 347
What are the prime factors of 156552?
2, 3, 11, 593
List the prime factors of 296466.
2, 3, 49411
List the prime factors of 988849.
988849
What are the prime factors of 1754851?
7, 250693
What are the prime factors of 272170?
2, 5, 17, 1601
What are the prime factors of 4360478?
2, 23, 94793
What are the prime factors of 233130?
2, 3, 5, 19, 409
What are the prime factors of 12448722?
2, 3, 11, 13, 1319
What are the prime factors of 3747710?
2, 5, 374771
List the prime factors of 8271807.
3, 283, 9743
What are the prime factors of 3591063?
3, 7, 17, 479
What are the prime factors of 87322?
2, 43661
What are the prime factors of 1191644?
2, 297911
List the prime factors of 509284.
2, 127321
What are the prime factors of 491162?
2, 7, 35083
What are the prime factors of 6490555?
5, 1298111
What are the prime factors of 4912974?
2, 3, 11, 919
List the prime factors of 10175611.
10175611
What are the prime factors of 482802?
2, 3, 67, 1201
What are the prime factors of 17580239?
71, 247609
List the prime factors of 4202410.
2, 5, 420241
List the prime factors of 180450.
2, 3, 5, 401
What are the prime factors of 219354?
2, 3, 36559
What are the prime factors of 3280639?
3280639
List the prime factors of 429901.
429901
What are the prime factors of 89745?
3, 5, 31, 193
What are the prime factors of 1009314?
2, 3, 18691
List the prime factors of 5666424.
2, 3, 179, 1319
List the prime factors of 260666.
2, 7, 43, 433
What are the prime factors of 1813747?
13, 17, 29, 283
List the prime factors of 2423208.
2, 3, 31, 3257
List the prime factors of 608865.
3, 5, 40591
List the prime factors of 680722.
2, 7, 48623
What are the prime factors of 27563814?
2, 3, 229, 743
List the prime factors of 402373.
17, 23669
What are the prime factors of 166878?
2, 3, 73, 127
List the prime factors of 562062.
2, 3, 113, 829
What are the prime factors of 133085?
5, 43, 619
List the prime factors of 476117.
167, 2851
List the prime factors of 827109.
3, 29, 3169
What are the prime factors of 1995369?
3, 665123
List the prime factors of 261327.
3, 11, 7919
What are the prime factors of 2419796?
2, 604949
What are the prime factors of 410092?
2, 102523
List the prime factors of 291684.
2, 3, 109, 223
What are the prime factors of 366199?
366199
List the prime factors of 21622977.
3, 67, 11953
List the prime factors of 12263.
12263
List the prime factors of 265148.
2, 13, 5099
List the prime factors of 1435091.
7, 439, 467
List the prime factors of 688810.
2, 5, 68881
List the prime factors of 195032.
2, 24379
What are the prime factors of 9515866?
2, 79, 229, 263
List the prime factors of 121949.
121949
What are the prime factors of 4560?
2, 3, 5, 19
What are the prime factors of 1004347?
137, 7331
List the prime factors of 5556539.
5556539
List the prime factors of 276836.
2, 7, 9887
List the prime factors of 131440.
2, 5, 31, 53
List the prime factors of 364034.
2, 11, 16547
List the prime factors of 791216.
2, 49451
What are the prime factors of 1987105?
5, 113, 3517
What are the prime factors of 560797?
560797
What are the prime factors of 23984237?
23984237
What are the prime factors of 3808549?
3808549
What are the prime factors of 238396?
2, 107, 557
List the prime factors of 1024971.
3, 149, 2293
List the prime factors of 662422.
2, 17, 19483
List the prime factors of 32110507.
11, 13, 23, 751
What are the prime factors of 462003?
3, 154001
What are the prime factors of 508887?
3, 56543
What are the prime factors of 9122111?
1789, 5099
What are the prime factors of 1519130?
2, 5, 73, 2081
What are the prime factors of 39199?
39199
List the prime factors of 127299.
3, 42433
List the prime factors of 62450.
2, 5, 1249
List the prime factors of 21185395.
5, 7, 11, 1123
What are the prime factors of 222521?
13, 17117
List the prime factors of 1575794.
2, 11, 41, 1747
What are the prime factors of 6439402?
2, 23, 139987
List the prime factors of 3728937.
3, 1242979
What are the prime factors of 1586807?
281, 5647
What are the prime factors of 69287?
193, 359
List the prime factors of 1055812.
2, 263953
What are the prime factors of 14897426?
2, 7448713
List the prime factors of 1139092.
2, 47, 73, 83
What are the prime factors of 81938?
2, 53, 773
List the prime factors of 7325947.
7325947
What are the prime factors of 570640?
2, 5, 7, 1019
What are the prime factors of 505991?
53, 9547
List the prime factors of 6483810.
2, 3, 5, 216127
What are the prime factors of 2406702?
2, 3, 37, 293
List the prime factors of 18836559.
3, 7, 298993
List the prime factors of 1609658.
2, 804829
List the prime factors of 562594.
2, 281297
List the prime factors of 1193370.
2, 3, 5, 39779
What are the prime factors of 3111340?
2, 5, 17, 9151
What are the prime factors of 271796?
2, 7, 17, 571
List the prime factors of 26442360.
2, 3, 5, 7, 1499
What are the prime factors of 616839?
3, 127, 1619
What are the prime factors of 1182367?
17, 157, 443
What are the prime factors of 105233?
47, 2239
List the prime factors of 343277.
11, 2837
List the prime factors of 21586975.
5, 863479
List the prime factors of 5248722.
2, 3, 347, 2521
What are the prime factors of 17145379?
17145379
List the prime factors of 8905186.
2, 19, 23, 443
List the prime factors of 6503151.
3, 2167717
What are the prime factors of 700176?
2, 3, 29, 503
List the prime factors of 446687.
29, 73, 211
List the prime factors of 1532830.
2, 5, 13, 907
List the prime factors of 7122175.
5, 347, 821
What are the prime factors of 297704?
2, 11, 17, 199
What are the prime factors of 1597569?
3, 532523
List the prime factors of 79695.
3, 5, 7, 11, 23
What are the prime factors of 34415645?
5, 11, 271, 2309
What are the prime factors of 16680217?
97, 359, 479
What are the prime factors of 165881?
31, 5351
List the prime factors of 253982.
2, 29, 151
What are the prime factors of 46318?
2, 23159
What are the prime factors of 2527520?
2, 5, 15797
List the prime factors of 8657141.
19, 23981
What are the prime factors of 614096?
2, 7, 5483
List the prime factors of 6539958.
2, 3, 23, 15797
List the prime factors of 108732.
2, 3, 13, 17, 41
List the prime factors of 4489574.
2, 2244787
List the prime factors of 198231.
3, 11, 6007
List the prime factors of 442496.
2, 3457
What are the prime factors of 157844?
2, 39461
What are the prime factors of 2596461?
3, 7, 17, 1039
What are the prime factors of 786575?
5, 73, 431
List the prime factors of 20998035.
3, 5, 139, 373
What are the prime factors of 2194451?
7, 67, 4679
List the prime factors of 24174872.
2, 631, 4789
What are the prime factors of 3267635?
5, 7, 89, 1049
List the prime factors of 3225588.
2, 3, 389, 691
What are the prime factors of 5083155?
3, 5, 7, 11, 163
What are the prime factors of 286335?
3, 5, 7, 101
What are the prime factors of 165005?
5, 61, 541
List the prime factors of 1395219.
3, 7, 29, 79
What are the prime factors of 399714?
2, 3, 7, 31, 307
What are the prime factors of 293099?
293099
What are the prime factors of 403485?
3, 5, 37, 727
List the prime factors of 22404115.
5, 233, 19231
List the prime factors of 152650.
2, 5, 43, 71
List the prime factors of 145281.
3, 79, 613
List the prime factors of 463986.
2, 3, 149, 173
List the prime factors of 7885137.
3, 13, 202183
What are the prime factors of 23630373?
3, 13, 22441
List the prime factors of 661033.
173, 3821
What are the prime factors of 59671?
59671
What are the prime factors of 598335?
3, 5, 113, 353
What are the prime factors of 5816735?
5, 911, 1277
List the prime factors of 901445.
5, 180289
List the prime factors of 7860508.
2, 29, 67763
What are the prime factors of 2141255?
5, 428251
List the prime factors of 3809659.
7, 109, 4993
What are the prime factors of 225075?
3, 5, 3001
What are the prime factors of 25836?
2, 3, 2153
List the prime factors of 4893229.
11, 17, 137, 191
What are the prime factors of 4589895?
3, 5, 157, 1949
What are the prime factors of 7612219?
7612219
What are the prime factors of 8000910?
2, 3, 5, 29633
What are the pr